inder when 8936851 is divided by 201?
190
Calculate the remainder when 20767630 is divided by 38.
22
What is the remainder when 371005 is divided by 3065?
140
Calculate the remainder when 47135 is divided by 9148.
1395
What is the remainder when 76411385 is divided by 15282276?
5
What is the remainder when 26022 is divided by 11438?
3146
What is the remainder when 22767 is divided by 22708?
59
What is the remainder when 734878 is divided by 233?
229
Calculate the remainder when 42884 is divided by 371.
219
Calculate the remainder when 4266196 is divided by 50.
46
What is the remainder when 10631870 is divided by 969?
2
What is the remainder when 620800 is divided by 620725?
75
What is the remainder when 111428998 is divided by 250?
248
Calculate the remainder when 4852435 is divided by 121310.
35
What is the remainder when 8084490 is divided by 10080?
330
Calculate the remainder when 3651956 is divided by 12464.
4
Calculate the remainder when 65826 is divided by 4387.
21
What is the remainder when 38986410 is divided by 5569483?
29
Calculate the remainder when 53020 is divided by 4816.
44
Calculate the remainder when 25293 is divided by 11760.
1773
What is the remainder when 345912 is divided by 2622?
2430
What is the remainder when 13336431 is divided by 2222737?
9
Calculate the remainder when 102267455 is divided by 1395.
5
Calculate the remainder when 163619 is divided by 288.
35
What is the remainder when 9589314 is divided by 59?
44
What is the remainder when 74255 is divided by 24693?
176
What is the remainder when 62617 is divided by 1371?
922
Calculate the remainder when 963500 is divided by 321152.
44
What is the remainder when 67821 is divided by 67708?
113
Calculate the remainder when 651120 is divided by 5613.
12
What is the remainder when 21478 is divided by 697?
568
What is the remainder when 115786949 is divided by 97?
86
Calculate the remainder when 1595521 is divided by 531701.
418
Calculate the remainder when 5495519 is divided by 47787.
14
Calculate the remainder when 17820942 is divided by 1626.
1608
Calculate the remainder when 3560797 is divided by 284.
5
Calculate the remainder when 8773116 is divided by 244.
96
Calculate the remainder when 2979683 is divided by 2237.
2236
Calculate the remainder when 4202549 is divided by 442.
13
What is the remainder when 31185 is divided by 124?
61
What is the remainder when 1776749 is divided by 25?
24
Calculate the remainder when 27426353 is divided by 11199.
2
Calculate the remainder when 1717018 is divided by 32384.
666
What is the remainder when 661327 is divided by 44088?
7
What is the remainder when 75457 is divided by 383?
6
Calculate the remainder when 7311350 is divided by 2716.
2594
Calculate the remainder when 117810740 is divided by 14.
12
Calculate the remainder when 80688 is divided by 1512.
552
Calculate the remainder when 340591 is divided by 16214.
97
What is the remainder when 390241 is divided by 97545?
61
What is the remainder when 73829 is divided by 516?
41
Calculate the remainder when 30813 is divided by 15400.
13
Calculate the remainder when 173549007 is divided by 139.
1
What is the remainder when 133345 is divided by 2616?
2545
Calculate the remainder when 160245868 is divided by 843.
841
What is the remainder when 56000794 is divided by 185?
184
Calculate the remainder when 137016 is divided by 441.
306
What is the remainder when 826913 is divided by 893?
888
What is the remainder when 19112 is divided by 4723?
220
Calculate the remainder when 170039847 is divided by 187.
186
Calculate the remainder when 1467062 is divided by 1798.
1692
Calculate the remainder when 5558096 is divided by 75.
71
What is the remainder when 1339183 is divided by 267836?
3
What is the remainder when 508410 is divided by 31775?
10
What is the remainder when 285809 is divided by 784?
433
What is the remainder when 254027 is divided by 2620?
2507
Calculate the remainder when 222415 is divided by 110690.
1035
What is the remainder when 172854357 is divided by 84?
81
Calculate the remainder when 62623255 is divided by 7827895.
95
Calculate the remainder when 822847 is divided by 2190.
1597
What is the remainder when 226155 is divided by 399?
321
What is the remainder when 3659 is divided by 41?
10
What is the remainder when 416222 is divided by 2651?
15
What is the remainder when 5762 is divided by 1441?
1439
Calculate the remainder when 24448410 is divided by 888.
882
What is the remainder when 3263727 is divided by 667?
96
Calculate the remainder when 80043 is divided by 3637.
29
What is the remainder when 111116 is divided by 7920?
236
Calculate the remainder when 9747431 is divided by 3249097.
140
What is the remainder when 7329740 is divided by 1832428?
28
What is the remainder when 1277137 is divided by 646?
641
What is the remainder when 10299 is divided by 40?
19
What is the remainder when 644763 is divided by 122?
115
What is the remainder when 69110550 is divided by 4453?
4443
What is the remainder when 499645 is divided by 6574?
21
Calculate the remainder when 34235264 is divided by 1635.
1634
Calculate the remainder when 23579 is divided by 23060.
519
What is the remainder when 3880394 is divided by 16?
10
What is the remainder when 5106540 is divided by 274?
2
What is the remainder when 204817 is divided by 197?
134
What is the remainder when 16468 is divided by 8046?
376
Calculate the remainder when 1629987 is divided by 310.
7
What is the remainder when 277325 is divided by 1814?
1597
Calculate the remainder when 680891 is divided by 85091.
163
Calculate the remainder when 227897 is divided by 7593.
107
What is the remainder when 83271 is divided by 727?
393
Calculate the remainder when 4480969 is divided by 18907.
10
What is the remainder when 113774980 is divided by 34?
32
Calculate the remainder when 302447 is divided by 747.
659
What is the remainder when 1639819 is divided by 198?
181
Calculate the remainder when 149721 is divided by 149631.
90
Calculate the remainder when 577244 is divided by 16.
12
Calculate the remainder when 74116920 is divided by 201.
180
What is the remainder when 1459057 is divided by 201?
199
Calculate the remainder when 795682 is divided by 968.
954
Calculate the remainder when 292340 is divided by 52.
48
What is the remainder when 5942714 is divided by 848952?
50
Calculate the remainder when 27353837 is divided by 18.
11
Calculate the remainder when 200379 is divided by 559.
257
Calculate the remainder when 12330903 is divided by 42.
39
What is the remainder when 48137 is divided by 423?
338
What is the remainder when 347085 is divided by 86597?
697
What is the remainder when 2027 is divided by 414?
371
What is the remainder when 553885 is divided by 120?
85
Calculate the remainder when 1234148 is divided by 616969.
210
Calculate the remainder when 12050194 is divided by 899.
897
Calculate the remainder when 351830 is divided by 175865.
100
Calculate the remainder when 800227 is divided by 102.
37
Calculate the remainder when 1588406 is divided by 68.
62
Calculate the remainder when 505586106 is divided by 309.
306
What is the remainder when 564293 is divided by 2022?
155
Calculate the remainder when 34584314 is divided by 5764045.
44
What is the remainder when 9179138 is divided by 185?
178
What is the remainder when 1777492 is divided by 592482?
46
What is the remainder when 4192621 is divided by 1861?
1649
What is the remainder when 745415 is divided by 745390?
25
Calculate the remainder when 72152 is divided by 36048.
56
What is the remainder when 1101361 is divided by 183556?
25
Calculate the remainder when 58578 is divided by 19336.
570
Calculate the remainder when 214563 is divided by 2461.
456
What is the remainder when 1103259 is divided by 137?
135
What is the remainder when 389162 is divided by 153?
83
Calculate the remainder when 105721618 is divided by 539396.
2
What is the remainder when 4508065 is divided by 901489?
620
What is the remainder when 31942011 is divided by 39?
36
Calculate the remainder when 184615 is divided by 2641.
2386
What is the remainder when 70777 is divided by 943?
52
Calculate the remainder when 135108859 is divided by 9650632.
11
What is the remainder when 265307 is divided by 9775?
1382
Calcul